Is 3 a factor of 4829697?
True
Is 9 a factor of 478247967?
True
Does 11 divide 162722083?
False
Is 141798151 a multiple of 293?
False
Is 1204 a factor of 48023571?
False
Is 143 a factor of 2887955528?
False
Is 2649891456 a multiple of 4692?
True
Does 179 divide 751064713?
False
Is 5149 a factor of 5236594788?
True
Is 66146082 a multiple of 122?
True
Is 8 a factor of 23695814?
False
Does 2223 divide 25504479?
True
Is 14 a factor of 136002776?
True
Is 39 a factor of 904010767?
False
Is 247 a factor of 14515871?
False
Does 2345 divide 119318290?
True
Is 71 a factor of 29240532?
False
Is 506150470 a multiple of 70?
True
Is 54514749 a multiple of 1576?
False
Is 255747363 a multiple of 45?
False
Does 746 divide 82841062?
True
Does 89 divide 196539?
False
Is 55 a factor of 3946827?
False
Is 17040370 a multiple of 152?
False
Is 56482694 a multiple of 10?
False
Is 696 a factor of 60498760?
False
Is 41966734 a multiple of 427?
False
Is 648607 a multiple of 129?
False
Does 74 divide 393033657?
False
Is 1330 a factor of 388998400?
True
Is 2 a factor of 409437?
False
Is 3038119000 a multiple of 8189?
True
Does 1928 divide 69670208?
True
Does 87 divide 118375854?
True
Is 123423794 a multiple of 38?
False
Is 268 a factor of 489072979?
False
Is 4082 a factor of 1526276128?
True
Is 12079307 a multiple of 102?
False
Is 506 a factor of 1317738795?
False
Does 9 divide 9838736?
False
Is 117 a factor of 9791847?
True
Does 17 divide 54565546?
True
Is 4 a factor of 47089987?
False
Does 395 divide 9761635?
True
Is 318345 a multiple of 95?
True
Does 27 divide 29926692?
True
Is 60364008 a multiple of 1836?
True
Is 5116998 a multiple of 16?
False
Does 89 divide 1306337817?
True
Is 9 a factor of 96782085?
True
Is 46280443 a multiple of 182?
False
Does 803 divide 157186447?
True
Is 123 a factor of 31977909?
True
Does 6158 divide 348245230?
False
Does 3494 divide 127866424?
True
Does 9 divide 689457008?
False
Is 546500156 a multiple of 289?
True
Is 2060 a factor of 277543800?
True
Is 39 a factor of 26066352?
True
Is 142216202 a multiple of 1877?
False
Is 88 a factor of 34084424?
True
Is 307082390 a multiple of 11?
False
Is 99059480 a multiple of 65?
True
Does 89 divide 7914236?
True
Is 725814 a multiple of 9?
True
Is 706 a factor of 406688910?
False
Does 11 divide 35150354?
False
Does 796 divide 25656896?
False
Is 24268656 a multiple of 24?
True
Does 2175 divide 157061811?
False
Is 1108 a factor of 886460940?
True
Does 1314 divide 104333900?
False
Is 12 a factor of 24845580?
True
Is 431735010 a multiple of 4458?
True
Is 700 a factor of 35689196?
False
Is 190 a factor of 4470031455?
False
Is 806 a factor of 76050572?
False
Is 254 a factor of 540760412?
True
Is 17925936 a multiple of 651?
True
Is 474672504 a multiple of 8?
True
Is 176 a factor of 107448528?
True
Is 429330324 a multiple of 5?
False
Is 248 a factor of 3013840336?
True
Does 172 divide 41435217?
False
Is 54 a factor of 681208002?
True
Is 33 a factor of 322221?
False
Is 8 a factor of 2485108408?
True
Does 40 divide 84697415?
False
Does 2080 divide 106989647?
False
Does 218 divide 655150386?
True
Is 8806743 a multiple of 9?
True
Is 18 a factor of 45271366?
False
Does 133 divide 3433685411?
False
Is 304 a factor of 75387471?
False
Is 24111304 a multiple of 248?
True
Does 2676 divide 859015072?
False
Is 517109562 a multiple of 18?
True
Does 4 divide 207455446?
False
Is 94773145 a multiple of 1027?
False
Is 25491274 a multiple of 192?
False
Is 89916203 a multiple of 21?
False
Is 337471575 a multiple of 687?
True
Is 3 a factor of 191871517?
False
Does 245 divide 31598319?
False
Is 250481592 a multiple of 381?
True
Does 200 divide 596155600?
True
Is 61054380 a multiple of 354?
True
Is 104543833 a multiple of 19?
True
Is 14363612 a multiple of 3?
False
Is 40025858 a multiple of 29?
True
Is 28 a factor of 395470852?
True
Is 1824 a factor of 1971744000?
True
Is 125 a factor of 48664250?
True
Is 113 a factor of 118165804?
False
Is 884342601 a multiple of 17?
True
Is 59351721 a multiple of 880?
False
Does 251 divide 5535805?
True
Is 222508730 a multiple of 362?
True
Does 23 divide 137728615?
False
Does 78 divide 44800811?
False
Is 215705909 a multiple of 96?
False
Does 55 divide 519741034?
False
Is 114389310 a multiple of 33?
False
Is 104629098 a multiple of 1478?
True
Does 244 divide 31013602?
False
Does 276 divide 251499204?
True
Does 13 divide 4458183?
False
Does 96 divide 663931457?
False
Does 2265 divide 513704136?
False
Is 5 a factor of 654966455?
True
Is 27442855 a multiple of 936?
False
Does 17675 divide 4082129625?
True
Is 743 a factor of 36175899?
False
Does 17 divide 353502233?
True
Is 70 a factor of 200927580?
True
Does 368 divide 32056651?
False
Is 519 a factor of 58093227?
True
Is 943 a factor of 64091938?
True
Is 1113208 a multiple of 26?
False
Is 131 a factor of 54033701?
True
Is 1996381152 a multiple of 1187?
False
Is 55 a factor of 26745085?
False
Is 6 a factor of 13162044?
True
Is 478 a factor of 2325869130?
True
Is 1109 a factor of 316747035?
True
Is 12 a factor of 79771488?
True
Is 11077287 a multiple of 647?
True
Is 2506371186 a multiple of 2194?
False
Is 421842031 a multiple of 14?
False
Does 777 divide 640700214?
True
Is 33368105 a multiple of 178?
False
Is 52 a factor of 67927964?
True
Is 1055 a factor of 2720741532?
False
Is 1653 a factor of 55539147?
True
Is 544349179 a multiple of 11?
True
Is 276 a factor of 23983469?
False
Is 13213881 a multiple of 365?
False
Is 18672032 a multiple of 16?
True
Is 445 a factor of 145286265?
False
Does 7 divide 681155270?
False
Is 15934708 a multiple of 33?
False
Is 347534512 a multiple of 150?
False
Does 349 divide 647944?
False
Does 3112 divide 816470544?
True
Does 4 divide 16243145?
False
Is 147362634 a multiple of 16?
False
Does 2458 divide 3922397027?
False
Is 360107808 a multiple of 96?
True
Is 329 a factor of 113114925?
False
Does 75 divide 10710225?
True
Does 2615 divide 834414860?
False
Does 6 divide 31108110?
True
Is 42 a factor of 1357875223?
False
Does 55 divide 174482193?
False
Does 2925 divide 131521496?
False
Is 474 a factor of 161399986?
False
Does 1259 divide 347917323?
False
Is 128 a factor of 504470733?
False
Is 71 a factor of 466683470?
False
Is 927254262 a multiple of 1293?
True
Does 94 divide 1111850988?
True
Does 70 divide 455173040?
True
Is 22 a factor of 28971482?
False
Does 33 divide 2947516077?
True
Is 1471875478 a multiple of 194?
True
Does 73 divide 212491904?
True
Does 1003 divide 126309796?
True
Is 94741996 a multiple of 892?
True
Is 1982 a factor of 117330436?
True
Is 299 a factor of 34029739?
False
Is 414484 a multiple of 791?
True
Does 814 divide 15342272?
True
Is 2 a factor of 514143850?
True
Is 11959688 a multiple of 52?
True
Is 1053711040 a multiple of 40?
True
Does 60 divide 84503880?
True
Is 24 a factor of 120100549?
False
Is 247528540 a multiple of 70?
True
Is 61 a factor of 56171202?
False
Is 349857 a multiple of 66?
False
Is 478 a factor of 2196599261?
False
Does 4277 divide 1354102477?
True
Does 71 divide 4037743?
False
Does 342 divide 12622194?
True
Does 226 divide 7855569?
False
Is 244 a factor of 1466988268?
True
Is 73 a factor of 8963504?
False
Is 990 a factor of 205436043?
False
Is 1868 a factor of 709929763?
False
Is 874747385 a multiple of 256?
False
Is 39 a factor of 393806156?
False
Is 1096518317 a multiple of 85?
False
Is 214023081 a multiple of 2197?
False
Is 63 a factor of 7142121?
True
Does 27 divide 160124029?
False
Does 179 divide 582258539?
True
Is 80608700 a multiple of 405?
False
Is 339671636 a multiple of 19?
False
Is 339467066 a multiple of 1075?
False
Does 132 divide 7290368712?
True
Does 43 divide 28088218?
False
Is 19885920 a multiple of 51?
True
Is 195886869 a multiple of 33?
False
Is 1062863063 a multiple of 4266?
False
Does 39 divide 13088088?
True
Is 13370356 a multiple of 39?
False
Is 90 a factor of 265784904?
False
Is 573583882 a multiple of 234?
False
Is 2276 a factor of 115311897?
False
Is 41328380 a multiple of 128?
False
Is 157677480 a multiple of 1410?
True
Does 209 divide 278617691?
True
Is 2 a factor of 380089225?
False
Is 23967856 a multiple of 473?
True
Is 23595808 a multiple of 313?
False
Does 10 divide 25134890?
True
Is 843147533 a multiple of 124?
False
Does 53 divide 14227638?